i**2 + 7*i + 3. Let n be z(-6). What is the remainder when l is divided by 1 + (-70)/(-12) + n/(-18)?
4
Suppose 0 = 5*t - 2*y + 5*y - 130, 5*t + y = 130. Let s(b) = 2*b**2 + 4*b - 20. What is the remainder when s(-7) is divided by t?
24
Let d = -362 - -386. Calculate the remainder when d is divided by 9.
6
What is the remainder when ((-14)/4)/((-25)/150) is divided by (4/(-12))/((-6)/108)?
3
Let u(l) = -l**3 - 6*l**2 - 2*l - 6. Let v = 799 + -784. What is the remainder when v is divided by u(-6)?
3
Let a(h) be the first derivative of -25*h**2/2 + 2*h + 7. Let y be a(-1). Suppose -5*c + 23 = -y. Calculate the remainder when 46 is divided by c.
6
Suppose -5*d + 9*d + 16 = 0. Calculate the remainder when 17 is divided by (1/d)/(8/(-96)).
2
Let y = 3 + 4. Suppose 10 = x - 0*x. What is the remainder when 412/14 - 3/y is divided by x?
9
Suppose 3*m = 4*k + 8*m - 6, -4*m = 4*k - 4. Let n be 1 + (3 - 0 - 5). What is the remainder when n - (k - (-36)/(-4)) is divided by 3?
0
Suppose -12*h + 2567 = 5*h. Calculate the remainder when h is divided by 22.
19
Suppose -1300 + 34 = -6*w. Suppose -3*x = -5*p - 115 - w, 4*p = 2*x - 220. What is the remainder when x is divided by 36?
30
Let k(n) = -n - 4. Let w be k(3). Let q(i) = -i - 3. What is the remainder when (8/(-10))/((-4)/50) is divided by q(w)?
2
Calculate the remainder when 48 + (-12)/((-9)/(-3)) is divided by 6/(-45) - (-1936)/120.
12
Let u(a) = a**3 - 17*a**2 + 45*a - 147. Calculate the remainder when u(16) is divided by 17.
11
Suppose -219*c + 49 = -212*c. Suppose 5 = 4*s - 3. Calculate the remainder when c is divided by s.
1
Let h(m) = -m**3 + 21*m**2 + 24*m - 30. What is the remainder when 222 is divided by h(22)?
12
Suppose 2*h = -v + 183 + 35, 4*h = 3*v + 456. Let o = h + -74. What is the remainder when o is divided by 8?
5
Suppose 3*x - 4*x + 73 = 0. What is the remainder when x is divided by ((-5)/6)/((-1)/(-9))*-4?
13
Let y(f) = 6*f + f**2 - 4*f - 2*f**2 + 27. Calculate the remainder when y(0) is divided by 6.
3
Calculate the remainder when 950 is divided by (-2295)/(-81)*6*1/5.
32
Suppose g + 3*g - s = 403, -5*g + 5*s + 515 = 0. What is the remainder when g is divided by 48?
4
Let x = -27 - -29. Let z be (-2)/(-4)*0/x. Suppose z = 2*m - 16 - 6. Calculate the remainder when 53 is divided by m.
9
Let a = 226 - 172. What is the remainder when 154 is divided by a?
46
Suppose p - 184 = -3*p. Let y = 68 - p. Suppose -9*j + 603 - 18 = 0. Calculate the remainder when j is divided by y.
21
Let p(g) = 29*g - 249. Calculate the remainder when 13 is divided by p(9).
1
Let m(w) = 17*w**2 + 2. Suppose -c - 356 = -k, -2*k + c = -260 - 448. Calculate the remainder when m(2) is divided by 0 + -4 - k/(-16).
16
Let c = 22 + 13. Let i(o) = -o**3 - 32*o**2 - 70*o - 162. What is the remainder when i(-30) is divided by c?
33
Let y(f) = -f + 52. Let q be y(0). Suppose 5*v - q - 23 = 0. Suppose 138*n - 3218 + 1822 = 2330. Calculate the remainder when n is divided by v.
12
Let x = 12 - 7. Suppose -3*b = -2*j + 6*j - 813, -4*b = -x*j + 1024. Calculate the remainder when j is divided by 23.
20
Let o(z) = z + 1. Let u be o(1). Suppose 0 = -4*v + 4*x + x - 18, u*v = -2*x. What is the remainder when 26 is divided by 96/7 - v/7?
12
Let i(m) = 2*m**3 - 21*m**2 + 25*m + 28. Let u(y) = -2*y. Let h be u(-1). What is the remainder when i(9) is divided by h*-14*(-2)/8?
3
Let n(u) = 5*u**2 - 34. Calculate the remainder when n(5) is divided by 19.
15
Suppose u - 5033 + 4409 = 0. Calculate the remainder when u is divided by 33.
30
Suppose -144 = -376*p + 370*p. Let k(t) = t**3 + 5*t**2 - 7*t - 3. Let a be k(-6). Let u = a + p. What is the remainder when u is divided by 10?
7
Suppose -1830*b + 1818*b + 6576 = 0. What is the remainder when b is divided by 141?
125
Let h(t) = t**3 - 3*t**2 + 3. Let m = 101 - 126. Calculate the remainder when h(5) is divided by (m/2)/(-1) + (-45)/(-30).
11
Let s = 117 - 113. Suppose 3*r = 5*w + 116, -3*r = s*w - 110 - 51. Suppose 0 = -6*p + 3*p + 48. Calculate the remainder when r is divided by p.
15
Let b(v) = -2*v**2 - 4*v - 2. Let h be b(2). Let l = h - -22. Suppose 0 = l*f + z - 3 - 82, -2*z = -4*f + 70. What is the remainder when f is divided by 11?
9
Let f(u) = 7*u**3 + 5*u**2 + 4*u - 2. Let b be f(4). Suppose 4*y + 30 - b = 0. Suppose 4*k - y = 24. What is the remainder when k is divided by 20?
18
Let b(k) = 4*k + 54. Let g be b(-12). Suppose 4*o - 2*y = -g*y + 400, 0 = -5*o + y + 488. Calculate the remainder when o is divided by 25.
23
Suppose 2*w = -0*w + 5*z + 28, z = 4*w - 38. Let j be (0 - 1)/(26/1092). Let h = 74 + j. What is the remainder when h is divided by w?
5
Let v(r) = -2*r**2 - 17*r + 7. Let q = 6 - 14. Suppose -3*j = -4*k + 174, 2*j - 158 = -4*k - 3*j. Calculate the remainder when k is divided by v(q).
12
Let t(u) = 53*u**2 + 5*u - 4. What is the remainder when t(1) is divided by 33?
21
Suppose -126 = -k - 2*k. Suppose 17*b - 2 = 253. Calculate the remainder when k is divided by b.
12
Let j(k) = -k**3 - 6*k**2 + 40*k + 16. Let c(i) = -18*i - 3. Let m be c(-3). Calculate the remainder when j(-10) is divided by m/9 + (-2)/(-6).
4
Let p = -2 - -4. Suppose 3*v - 18 = -p*o, -5*o = -v - 3*v + 1. Suppose -v*g = g - 185. What is the remainder when g is divided by 19?
18
Let s = -1 + 10. Suppose -4*n = -3*n - 52. What is the remainder when n is divided by s?
7
What is the remainder when 375 is divided by 2*-42*4/(-24)?
11
What is the remainder when (226/4 - (-30)/(-20)) + 5 is divided by 34?
26
Suppose 3*i + 53 = 6*i + z, 3*i = z + 43. Let q be (173/2)/(6/36). Suppose -q = -5*w + i. What is the remainder when w is divided by 27?
26
Let m = -244 + 347. Let v = m - 23. What is the remainder when v is divided by 28?
24
Let l(h) = -h**3 - 14*h**2 + 33*h + 18. Let n be l(-16). Suppose 8*x - 260 = -n*x. Calculate the remainder when ((-60)/(-9))/((-4)/(-30)) is divided by x.
24
Calculate the remainder when 14 is divided by 1 + 1 - (-13)/((-91)/(-49)).
5
Let t(k) = 7*k - 19. Suppose -u + 3*g = -17, 2*g - 4 = 3*g. Let j = 4 + 42. What is the remainder when j is divided by t(u)?
14
Let y(c) = c**3 + 6*c**2 - 3*c - 7. Let r be 12/16 - 22/8. Calculate the remainder when (-664)/(-32) - -2*r/(-16) is divided by y(-6).
10
Suppose -67 = -d + 5*t, -5*t + 0*t + 221 = 3*d. What is the remainder when d is divided by 34?
4
Suppose -389*w - 111 = -392*w. Calculate the remainder when 93 is divided by w.
19
Suppose d = -h + 13, -4*d + 5*h + 43 = -0*d. What is the remainder when 185 is divided by d?
5
Suppose 179*d + 48 = 175*d. Calculate the remainder when (-176)/(-6) + (-1)/3 is divided by (-186)/d - (-1)/2.
13
Let q = 9 + -17. Let c be (q/(-10))/(4/10). Calculate the remainder when 23 is divided by (4 - 3) + c*6.
10
What is the remainder when (3 - 8) + (2368/(-8))/(-4) is divided by 36*(0 - (-2)/4)?
15
Let y = -139 + 216. What is the remainder when y is divided by 20?
17
Suppose 0*f - 2*f = 2. Let m be f/3 + (-936)/(-54). Suppose -m - 45 = -2*a. What is the remainder when 123 is divided by a?
30
Calculate the remainder when 316/12*3 + 16 + -14 is divided by 14.
11
Let u(l) = -3*l**2 + 3*l. Let k be u(3). Let j be 266/k - (-22)/(-99). Let h = -3 - j. Calculate the remainder when h is divided by 5.
2
Let z = -167 + 182. What is the remainder when 358 is divided by z?
13
Suppose 0 = -4*a - 482 + 66. Let q = 124 + a. Suppose -3*m = 3*u - 276, 4*u - 266 = u - 5*m. What is the remainder when u is divided by q?
17
Let h be ((-65)/(-2))/((-1)/(-2)) + 0. Let f be 3 + ((-2)/2)/1. Suppose h = 3*b + f*b. What is the remainder when b is divided by 5?
3
Calculate the remainder when 2*2/(-8)*-382 - -4 is divided by 20.
15
Suppose 0 = 8*r - 13 - 3. Suppose -5*u - 21 = r*d - 62, d = 3*u + 26. What is the remainder when 66 is divided by d?
20
Suppose -4*t - 66 = 74. Let y = t + 7. Let l = y - -37. What is the remainder when 51 is divided by l?
6
What is the remainder when ((39 - 1) + 1)*420/90 is divided by 48?
38
Suppose -c - 4*c = -2*k + 30, -35 = -3*k + 5*c. Let u(r) = 4*r - 9. Suppose -1 = -4*i + 31. What is the remainder when u(i) is divided by k?
3
Let s = -16 + 42. Suppose -s = -5*p - 1. Calculate the remainder when 33 is divided by p.
3
Suppose 2*i = 5*i + 15, 113 = 4*x - i. Let z be 8/2*1 - 135/(-27). Suppose -h + 